en 336919 is divided by 168208.
503
What is the remainder when 1162165 is divided by 226?
73
What is the remainder when 2371389 is divided by 223?
7
What is the remainder when 753978 is divided by 113?
42
What is the remainder when 11106058 is divided by 465?
463
Calculate the remainder when 3964161 is divided by 258.
249
What is the remainder when 78065044 is divided by 780650?
44
Calculate the remainder when 83593 is divided by 397.
223
What is the remainder when 4705953 is divided by 138409?
47
Calculate the remainder when 380243 is divided by 14623.
45
What is the remainder when 54069101 is divided by 11169?
11141
Calculate the remainder when 1077052 is divided by 269251.
48
Calculate the remainder when 7591 is divided by 2208.
967
Calculate the remainder when 97152752 is divided by 2914.
2906
What is the remainder when 71265122 is divided by 1583669?
17
Calculate the remainder when 1579552 is divided by 446.
266
What is the remainder when 130166461 is divided by 1893?
1888
What is the remainder when 2248443 is divided by 778?
23
Calculate the remainder when 211821 is divided by 14709.
5895
What is the remainder when 88718 is divided by 14740?
278
What is the remainder when 812647 is divided by 8121?
547
What is the remainder when 20935754 is divided by 1231514?
16
Calculate the remainder when 1745506 is divided by 249357.
7
What is the remainder when 12194705 is divided by 1354938?
263
Calculate the remainder when 5148180 is divided by 5857.
5734
Calculate the remainder when 328984 is divided by 328868.
116
What is the remainder when 2300230 is divided by 85188?
154
What is the remainder when 244318 is divided by 209?
206
Calculate the remainder when 26081364 is divided by 3725905.
29
Calculate the remainder when 2367522 is divided by 2170.
52
Calculate the remainder when 16315786 is divided by 229.
223
What is the remainder when 1930883 is divided by 2212?
2019
Calculate the remainder when 2213851 is divided by 37.
30
Calculate the remainder when 188240 is divided by 1335.
5
What is the remainder when 95696 is divided by 1045?
601
Calculate the remainder when 2259097 is divided by 815.
732
What is the remainder when 466277622 is divided by 825?
822
What is the remainder when 49011309 is divided by 5850?
9
Calculate the remainder when 104062 is divided by 2365.
2
Calculate the remainder when 6126158 is divided by 1519.
31
Calculate the remainder when 3543498 is divided by 19154.
8
Calculate the remainder when 4035437 is divided by 13726.
13719
Calculate the remainder when 84597 is divided by 120.
117
Calculate the remainder when 60656 is divided by 2494.
800
Calculate the remainder when 96337 is divided by 1147.
1136
Calculate the remainder when 5758251 is divided by 146.
11
Calculate the remainder when 1185044 is divided by 17684.
216
What is the remainder when 79683 is divided by 38423?
2837
Calculate the remainder when 2891729 is divided by 93275.
204
Calculate the remainder when 85159 is divided by 4525.
3709
Calculate the remainder when 3237809 is divided by 1618902.
5
What is the remainder when 5844500 is divided by 57299?
2
What is the remainder when 1568403 is divided by 1998?
1971
Calculate the remainder when 39846174 is divided by 596.
594
What is the remainder when 274093 is divided by 91322?
127
Calculate the remainder when 20974857 is divided by 710.
37
What is the remainder when 13524 is divided by 4508?
0
Calculate the remainder when 3555687 is divided by 44.
3
Calculate the remainder when 704364 is divided by 7575.
7464
What is the remainder when 2233108 is divided by 165?
163
Calculate the remainder when 1403013 is divided by 1609.
1574
What is the remainder when 209453 is divided by 256?
45
What is the remainder when 100849285 is divided by 183?
181
Calculate the remainder when 56031 is divided by 219.
186
Calculate the remainder when 798161 is divided by 798068.
93
What is the remainder when 1873447 is divided by 21289?
15
What is the remainder when 5454069 is divided by 117?
114
Calculate the remainder when 604335 is divided by 26275.
10
Calculate the remainder when 325758 is divided by 136.
38
What is the remainder when 530908 is divided by 118?
26
What is the remainder when 1843191 is divided by 11592?
63
What is the remainder when 348771 is divided by 8303?
45
What is the remainder when 353335 is divided by 15782?
6131
What is the remainder when 3600959 is divided by 43?
10
Calculate the remainder when 13189363 is divided by 158.
155
What is the remainder when 2796832223 is divided by 16?
15
Calculate the remainder when 610257 is divided by 237.
219
What is the remainder when 5851946 is divided by 5851945?
1
What is the remainder when 11541654 is divided by 3847209?
27
Calculate the remainder when 109901 is divided by 276.
53
Calculate the remainder when 169730289 is divided by 34470.
9
What is the remainder when 522025 is divided by 260937?
151
What is the remainder when 128381595 is divided by 120433?
17
Calculate the remainder when 1610032 is divided by 1129.
78
Calculate the remainder when 1333251 is divided by 1952.
35
Calculate the remainder when 62907 is divided by 57238.
5669
Calculate the remainder when 37128 is divided by 18461.
206
Calculate the remainder when 10733416 is divided by 230.
6
Calculate the remainder when 1264172 is divided by 45149.
0
What is the remainder when 15561622 is divided by 52?
50
Calculate the remainder when 454392 is divided by 1993.
1981
What is the remainder when 13823 is divided by 305?
98
Calculate the remainder when 152418 is divided by 2774.
2622
What is the remainder when 4525 is divided by 754?
1
Calculate the remainder when 6468689 is divided by 30.
29
What is the remainder when 98422 is divided by 24552?
214
What is the remainder when 9545954 is divided by 3529?
9
What is the remainder when 1820272 is divided by 381?
235
What is the remainder when 1138987 is divided by 54?
19
Calculate the remainder when 12475 is divided by 3897.
784
What is the remainder when 4071180 is divided by 27?
12
Calculate the remainder when 3244976 is divided by 18.
8
Calculate the remainder when 62021 is divided by 6046.
1561
Calculate the remainder when 279776 is divided by 93244.
44
Calculate the remainder when 2398017 is divided by 208.
193
Calculate the remainder when 1410910 is divided by 36.
34
Calculate the remainder when 917423 is divided by 4134.
3809
What is the remainder when 151375 is divided by 49872?
1759
What is the remainder when 8789088 is divided by 28911?
144
What is the remainder when 1210544 is divided by 1656?
8
What is the remainder when 262897 is divided by 1467?
304
What is the remainder when 12590639 is divided by 27611?
23
Calculate the remainder when 15500001 is divided by 740.
701
What is the remainder when 372124 is divided by 737?
676
What is the remainder when 96731 is divided by 19344?
11
What is the remainder when 117191 is divided by 1263?
995
What is the remainder when 197688 is divided by 23277?
11472
Calculate the remainder when 5379102 is divided by 87.
66
What is the remainder when 89449 is divided by 2349?
187
Calculate the remainder when 987116 is divided by 964.
944
What is the remainder when 132141 is divided by 65708?
725
What is the remainder when 1702490 is divided by 340480?
90
Calculate the remainder when 2622847 is divided by 1765.
57
What is the remainder when 201061 is divided by 3407?
48
What is the remainder when 2825037 is divided by 88?
61
What is the remainder when 3553623 is divided by 710693?
158
Calculate the remainder when 90156 is divided by 44272.
1612
What is the remainder when 214358 is divided by 30552?
494
Calculate the remainder when 6713195 is divided by 84975.
170
Calculate the remainder when 7399 is divided by 486.
109
Calculate the remainder when 537452 is divided by 266862.
3728
What is the remainder when 22135037 is divided by 320?
317
Calculate the remainder when 99869 is divided by 3322.
209
Calculate the remainder when 2278531 is divided by 82.
79
Calculate the remainder when 64380 is divided by 15694.
1604
What is the remainder when 480655 is divided by 4669?
4417
Calculate the remainder when 4679959 is divided by 4679952.
7
Calculate the remainder when 179143607 is divided by 19.
17
Calculate the remainder whe